f 3682574547?
8
What is the millions digit of 49248313?
9
What is the ten millions digit of 219617901?
1
What is the units digit of 143439927?
7
What is the thousands digit of 29622874?
2
What is the units digit of 1383543077?
7
What is the tens digit of 3768313494?
9
What is the hundred thousands digit of 732759657?
7
What is the millions digit of 3032846?
3
What is the thousands digit of 355295977?
5
What is the ten millions digit of 1921326428?
2
What is the ten thousands digit of 40188836?
8
What is the millions digit of 451783811?
1
What is the ten thousands digit of 48677755?
7
What is the thousands digit of 633875277?
5
What is the millions digit of 707945003?
7
What is the hundred thousands digit of 146412589?
4
What is the hundreds digit of 413838244?
2
What is the millions digit of 28505561?
8
What is the hundred millions digit of 855616836?
8
What is the tens digit of 94215594?
9
What is the hundred thousands digit of 4343902842?
9
What is the hundred thousands digit of 37323861?
3
What is the tens digit of 55847461?
6
What is the tens digit of 2158370490?
9
What is the units digit of 4842150050?
0
What is the thousands digit of 18534172?
4
What is the hundred millions digit of 303127179?
3
What is the tens digit of 4210885776?
7
What is the ten millions digit of 1015237817?
1
What is the units digit of 2533320403?
3
What is the millions digit of 113107535?
3
What is the ten millions digit of 602397190?
0
What is the millions digit of 166570669?
6
What is the ten millions digit of 13639345?
1
What is the billions digit of 1056867209?
1
What is the tens digit of 74863273?
7
What is the thousands digit of 445143150?
3
What is the thousands digit of 110555003?
5
What is the units digit of 25687292?
2
What is the units digit of 555048630?
0
What is the units digit of 2432932143?
3
What is the hundred thousands digit of 22695221?
6
What is the ten millions digit of 929285819?
2
What is the thousands digit of 2576500742?
0
What is the ten millions digit of 34114323?
3
What is the hundred thousands digit of 2565754120?
7
What is the units digit of 118566351?
1
What is the hundred thousands digit of 6502333799?
3
What is the millions digit of 595388845?
5
What is the tens digit of 5072555873?
7
What is the ten thousands digit of 1244744098?
4
What is the hundred millions digit of 181438045?
1
What is the units digit of 1100640337?
7
What is the millions digit of 2550988491?
0
What is the ten thousands digit of 28336086?
3
What is the millions digit of 3356374267?
6
What is the millions digit of 70751165?
0
What is the thousands digit of 4138025216?
5
What is the millions digit of 1513571867?
3
What is the hundred millions digit of 265238589?
2
What is the hundred thousands digit of 109687842?
6
What is the millions digit of 879651026?
9
What is the hundreds digit of 1105382755?
7
What is the tens digit of 9357987?
8
What is the hundred thousands digit of 1924291867?
2
What is the hundreds digit of 218785752?
7
What is the millions digit of 14774806?
4
What is the millions digit of 1848269905?
8
What is the hundred millions digit of 430700771?
4
What is the billions digit of 6565819913?
6
What is the hundreds digit of 2973363237?
2
What is the millions digit of 75652682?
5
What is the thousands digit of 21220219?
0
What is the ten millions digit of 13224818?
1
What is the hundred thousands digit of 166932371?
9
What is the units digit of 31315067?
7
What is the millions digit of 119371244?
9
What is the ten thousands digit of 1514021108?
2
What is the hundreds digit of 1426803529?
5
What is the units digit of 78361441?
1
What is the ten thousands digit of 28839355?
3
What is the ten thousands digit of 111454965?
5
What is the thousands digit of 4664600033?
0
What is the hundred millions digit of 566859480?
5
What is the hundreds digit of 226431816?
8
What is the ten thousands digit of 2200544578?
4
What is the ten millions digit of 48017499?
4
What is the hundred millions digit of 4968508109?
9
What is the thousands digit of 106828185?
8
What is the tens digit of 4568337588?
8
What is the hundred thousands digit of 18018958?
0
What is the hundreds digit of 156628020?
0
What is the hundred thousands digit of 21498098?
4
What is the thousands digit of 10934390?
4
What is the units digit of 164048909?
9
What is the hundreds digit of 673147304?
3
What is the tens digit of 5371466504?
0
What is the hundreds digit of 1869542769?
7
What is the tens digit of 2608513237?
3
What is the thousands digit of 343715411?
5
What is the millions digit of 19590048?
9
What is the units digit of 816352889?
9
What is the hundreds digit of 393243872?
8
What is the hundred millions digit of 485467213?
4
What is the hundred thousands digit of 851105017?
1
What is the hundred thousands digit of 146799132?
7
What is the thousands digit of 304219803?
9
What is the hundreds digit of 349002388?
3
What is the units digit of 73173680?
0
What is the tens digit of 29410769?
6
What is the ten thousands digit of 60101057?
0
What is the ten millions digit of 78119855?
7
What is the ten millions digit of 53063322?
5
What is the ten millions digit of 3983938025?
8
What is the tens digit of 2193128902?
0
What is the hundreds digit of 163303770?
7
What is the units digit of 813653653?
3
What is the hundred millions digit of 6220454273?
2
What is the millions digit of 1653572542?
3
What is the billions digit of 1041546534?
1
What is the hundred thousands digit of 10125568?
1
What is the tens digit of 2307944?
4
What is the hundreds digit of 267582194?
1
What is the hundred millions digit of 224399697?
2
What is the hundred millions digit of 2032455718?
0
What is the units digit of 1480199701?
1
What is the units digit of 92340551?
1
What is the thousands digit of 59753904?
3
What is the thousands digit of 946186914?
6
What is the millions digit of 6797646719?
7
What is the tens digit of 419306?
0
What is the ten thousands digit of 78954539?
5
What is the thousands digit of 151852428?
2
What is the tens digit of 738696580?
8
What is the tens digit of 1747680059?
5
What is the ten thousands digit of 72406395?
0
What is the hundred thousands digit of 930941674?
9
What is the thousands digit of 292755219?
5
What is the ten thousands digit of 2327908774?
0
What is the hundreds digit of 2249914826?
8
What is the millions digit of 11222263?
1
What is the millions digit of 32466598?
2
What is the units digit of 36809069?
9
What is the hundred thousands digit of 984331846?
3
What is the units digit of 21462403?
3
What is the millions digit of 2058671054?
8
What is the units digit of 60445152?
2
What is the hundreds digit of 875138189?
1
What is the hundreds digit of 1574813077?
0
What is the thousands digit of 3768978431?
8
What is the hundreds digit of 103914642?
6
What is the tens digit of 37019033?
3
What is the units digit of 273124568?
8
What is the tens digit of 713799739?
3
What is the tens digit of 4272172?
7
What is the thousands digit of 6695968?
5
What is the ten thousands digit of 41735705?
3
What is the hundred thousands digit of 172767131?
7
What is the ten millions digit of 35835965?
3
What is the hundred thousands digit of 85139325?
1
What is the billions digit of 3026041659?
3
What is the units digit of 91712207?
7
What is the tens digit of 63448544?
4
What is the hundred millions digit of 619978107?
6
What is the thousands digit of 4657203?
7
What is the hundreds digit of 8589198?
1
What is the units digit of 122285967?
7
What is the millions digit of 58713708?
8
What is the hundred thousands digit of 363440030?
4
What is the units digit of 2291791519?
9
What is the hundred millions digit of 349234884?
3
What is the tens digit of 2446072001?
0
What is the ten thousands digit of 119636465?
3
What is the ten millions digit of 81529952?
8
What is the units digit of 3367297757?
7
What is the millions digit of 1099275461?
9
What is the hundreds digit of 178505052?
0
What is the billions digit of 8679339655?
8
What is the units digit of 510615636?
6
What is the millions digit of 40152376?
0
What is the ten millions digit of 65860438?
6
What is the hundred thousands digit of 4300710935?
7
What is the tens digit of 174140703?
0
What is the ten thousands digit of 84488467?
8
Wh